{"id":12040,"date":"2025-07-11T16:08:19","date_gmt":"2025-07-11T14:08:19","guid":{"rendered":"https:\/\/forfait.megeve.com\/hiver\/?page_id=12040"},"modified":"2025-07-11T16:09:50","modified_gmt":"2025-07-11T14:09:50","slug":"bulletin-meteo-2","status":"publish","type":"page","link":"https:\/\/forfait.megeve.com\/hiver\/bulletin-meteo-2\/","title":{"rendered":"Bulletin m\u00e9t\u00e9o"},"content":{"rendered":"\t\t<div data-elementor-type=\"wp-page\" data-elementor-id=\"12040\" class=\"elementor elementor-12040\" data-elementor-post-type=\"page\">\n\t\t\t\t\t\t<section data-particle_enable=\"false\" data-particle-mobile-disabled=\"false\" class=\"elementor-section elementor-top-section elementor-element elementor-element-dac766e elementor-section-content-middle elementor-section-boxed elementor-section-height-default elementor-section-height-default\" data-id=\"dac766e\" data-element_type=\"section\">\n\t\t\t\t\t\t<div class=\"elementor-container elementor-column-gap-default\">\n\t\t\t\t\t<div class=\"elementor-column elementor-col-100 elementor-top-column elementor-element elementor-element-e27f1d5\" data-id=\"e27f1d5\" data-element_type=\"column\">\n\t\t\t<div class=\"elementor-widget-wrap elementor-element-populated\">\n\t\t\t\t\t\t<div class=\"elementor-element elementor-element-1005625 elementor-widget elementor-widget-spacer\" data-id=\"1005625\" data-element_type=\"widget\" data-widget_type=\"spacer.default\">\n\t\t\t\t<div class=\"elementor-widget-container\">\n\t\t\t\t\t\t\t<div class=\"elementor-spacer\">\n\t\t\t<div class=\"elementor-spacer-inner\"><\/div>\n\t\t<\/div>\n\t\t\t\t\t\t<\/div>\n\t\t\t\t<\/div>\n\t\t\t\t<div class=\"elementor-element elementor-element-5c624d5 elementor-widget elementor-widget-breadcrumbs\" data-id=\"5c624d5\" data-element_type=\"widget\" data-widget_type=\"breadcrumbs.default\">\n\t\t\t\t<div class=\"elementor-widget-container\">\n\t\t\t\t\t<p id=\"breadcrumbs\"><span><span><a href=\"https:\/\/forfait.megeve.com\/hiver\/\">Accueil<\/a><\/span><\/span><\/p>\t\t\t\t<\/div>\n\t\t\t\t<\/div>\n\t\t\t\t<div class=\"elementor-element elementor-element-4457c41 elementor-widget elementor-widget-heading\" data-id=\"4457c41\" data-element_type=\"widget\" data-widget_type=\"heading.default\">\n\t\t\t\t<div class=\"elementor-widget-container\">\n\t\t\t\t\t<h1 class=\"elementor-heading-title elementor-size-default\"><span style=\"font-weight: 400\">bulletin <\/span><b>m\u00e9t\u00e9o<\/b><\/h1>\t\t\t\t<\/div>\n\t\t\t\t<\/div>\n\t\t\t\t<div class=\"elementor-element elementor-element-25b52a7 elementor-widget elementor-widget-button\" data-id=\"25b52a7\" data-element_type=\"widget\" data-widget_type=\"button.default\">\n\t\t\t\t<div class=\"elementor-widget-container\">\n\t\t\t\t\t\t\t\t\t<div class=\"elementor-button-wrapper\">\n\t\t\t\t\t<a class=\"elementor-button elementor-button-link elementor-size-sm\" href=\"\/hiver\/nos-forfaits\/\">\n\t\t\t\t\t\t<span class=\"elementor-button-content-wrapper\">\n\t\t\t\t\t\t<span class=\"elementor-button-icon\">\n\t\t\t\t<i aria-hidden=\"true\" class=\"fas fa-arrow-alt-circle-left\"><\/i>\t\t\t<\/span>\n\t\t\t\t\t\t\t\t\t<span class=\"elementor-button-text\">Acheter un forfait<\/span>\n\t\t\t\t\t<\/span>\n\t\t\t\t\t<\/a>\n\t\t\t\t<\/div>\n\t\t\t\t\t\t\t\t<\/div>\n\t\t\t\t<\/div>\n\t\t\t\t<div class=\"elementor-element elementor-element-e1237d0 elementor-widget elementor-widget-spacer\" data-id=\"e1237d0\" data-element_type=\"widget\" data-widget_type=\"spacer.default\">\n\t\t\t\t<div class=\"elementor-widget-container\">\n\t\t\t\t\t\t\t<div class=\"elementor-spacer\">\n\t\t\t<div class=\"elementor-spacer-inner\"><\/div>\n\t\t<\/div>\n\t\t\t\t\t\t<\/div>\n\t\t\t\t<\/div>\n\t\t\t\t\t<\/div>\n\t\t<\/div>\n\t\t\t\t\t<\/div>\n\t\t<\/section>\n\t\t\t\t<section data-particle_enable=\"false\" data-particle-mobile-disabled=\"false\" class=\"elementor-section elementor-top-section elementor-element elementor-element-a04f790 elementor-section-boxed elementor-section-height-default elementor-section-height-default\" data-id=\"a04f790\" data-element_type=\"section\">\n\t\t\t\t\t\t<div class=\"elementor-container elementor-column-gap-default\">\n\t\t\t\t\t<div class=\"elementor-column elementor-col-100 elementor-top-column elementor-element elementor-element-7b6c080\" data-id=\"7b6c080\" data-element_type=\"column\">\n\t\t\t<div class=\"elementor-widget-wrap elementor-element-populated\">\n\t\t\t\t\t\t<div class=\"elementor-element elementor-element-0d5a4fa elementor-widget elementor-widget-html\" data-id=\"0d5a4fa\" data-element_type=\"widget\" data-widget_type=\"html.default\">\n\t\t\t\t<div class=\"elementor-widget-container\">\n\t\t\t\t\t<div class=\"container\">\n<iframe  class=\"responsive-iframe\" src=\"https:\/\/bulletinv3.lumiplan.pro\/multi-blocs.php?station=megeve-test&lang=fr&isSoir=false&displayBloc=1-2\"><\/iframe>\n<\/div>\t\t\t\t<\/div>\n\t\t\t\t<\/div>\n\t\t\t\t\t<\/div>\n\t\t<\/div>\n\t\t\t\t\t<\/div>\n\t\t<\/section>\n\t\t\t\t<section data-particle_enable=\"false\" data-particle-mobile-disabled=\"false\" class=\"elementor-section elementor-top-section elementor-element elementor-element-4a058c3 elementor-hidden-desktop elementor-hidden-tablet elementor-hidden-mobile elementor-section-boxed elementor-section-height-default elementor-section-height-default\" data-id=\"4a058c3\" data-element_type=\"section\">\n\t\t\t\t\t\t<div class=\"elementor-container elementor-column-gap-default\">\n\t\t\t\t\t<div class=\"elementor-column elementor-col-100 elementor-top-column elementor-element elementor-element-3a99ee5\" data-id=\"3a99ee5\" data-element_type=\"column\">\n\t\t\t<div class=\"elementor-widget-wrap elementor-element-populated\">\n\t\t\t\t\t\t<div class=\"elementor-element elementor-element-4ca5ae7 elementor-hidden-desktop elementor-widget elementor-widget-meteo\" data-id=\"4ca5ae7\" data-element_type=\"widget\" data-widget_type=\"meteo.default\">\n\t\t\t\t<div class=\"elementor-widget-container\">\n\t\t\t\t\t\t\t<div>\r\n\t\t\t\t\t\t<meteo-element \r\n\t\t\t\tclass=\"hiver \" \r\n\t\t\t\tportail=\"396\" \r\n\t\t\t\tdomaineName=\"https:\/\/service.megeve.com\/\" \r\n\t\t\t\tco=\"8801\"\r\n\t\t\t\tidModule=\"\" \r\n\t\t\t\tlangue=\"FR\"\r\n\t\t\t\tversion=\"\"\r\n\t\t\t\tformat=\"total\"\r\n\t\t\t\tfiltre=\"\"\r\n\t\t\t\ttype=\"\"\r\n\t\t\t\tdata-station-name=\"\"\r\n\t\t\t\t>\r\n\t\t\t<\/meteo-element>\r\n\t\t<\/div>\r\n\t\t\t\t\t\t<\/div>\n\t\t\t\t<\/div>\n\t\t\t\t\t<\/div>\n\t\t<\/div>\n\t\t\t\t\t<\/div>\n\t\t<\/section>\n\t\t\t\t<\/div>\n\t\t","protected":false},"excerpt":{"rendered":"<p>bulletin m\u00e9t\u00e9o Acheter un forfait<\/p>\n","protected":false},"author":18,"featured_media":0,"parent":0,"menu_order":0,"comment_status":"closed","ping_status":"closed","template":"","meta":{"footnotes":""},"class_list":["post-12040","page","type-page","status-publish","hentry"],"yoast_head":"<!-- This site is optimized with the Yoast SEO plugin v25.2 - https:\/\/yoast.com\/wordpress\/plugins\/seo\/ -->\n<title>Bulletin m\u00e9t\u00e9o &#8211; Megeve hiver<\/title>\n<meta name=\"robots\" content=\"index, follow, max-snippet:-1, max-image-preview:large, max-video-preview:-1\" \/>\n<link rel=\"canonical\" href=\"https:\/\/forfait.megeve.com\/hiver\/bulletin-meteo-2\/\" \/>\n<meta property=\"og:locale\" content=\"fr_FR\" \/>\n<meta property=\"og:type\" content=\"article\" \/>\n<meta property=\"og:title\" content=\"Bulletin m\u00e9t\u00e9o &#8211; Megeve hiver\" \/>\n<meta property=\"og:description\" content=\"bulletin m\u00e9t\u00e9o Acheter un forfait\" \/>\n<meta property=\"og:url\" content=\"https:\/\/forfait.megeve.com\/hiver\/bulletin-meteo-2\/\" \/>\n<meta property=\"og:site_name\" content=\"Megeve hiver\" \/>\n<meta property=\"article:publisher\" content=\"https:\/\/fr-fr.facebook.com\/megeve\/\" \/>\n<meta property=\"article:modified_time\" content=\"2025-07-11T14:09:50+00:00\" \/>\n<meta name=\"twitter:card\" content=\"summary_large_image\" \/>\n<meta name=\"twitter:site\" content=\"@megeve\" \/>\n<meta name=\"twitter:label1\" content=\"Dur\u00e9e de lecture estim\u00e9e\" \/>\n\t<meta name=\"twitter:data1\" content=\"1 minute\" \/>\n<script type=\"application\/ld+json\" class=\"yoast-schema-graph\">{\"@context\":\"https:\/\/schema.org\",\"@graph\":[{\"@type\":\"WebPage\",\"@id\":\"https:\/\/forfait.megeve.com\/hiver\/bulletin-meteo-2\/\",\"url\":\"https:\/\/forfait.megeve.com\/hiver\/bulletin-meteo-2\/\",\"name\":\"Bulletin m\u00e9t\u00e9o &#8211; Megeve hiver\",\"isPartOf\":{\"@id\":\"https:\/\/forfait.megeve.com\/hiver\/#website\"},\"datePublished\":\"2025-07-11T14:08:19+00:00\",\"dateModified\":\"2025-07-11T14:09:50+00:00\",\"breadcrumb\":{\"@id\":\"https:\/\/forfait.megeve.com\/hiver\/bulletin-meteo-2\/#breadcrumb\"},\"inLanguage\":\"fr-FR\",\"potentialAction\":[{\"@type\":\"ReadAction\",\"target\":[\"https:\/\/forfait.megeve.com\/hiver\/bulletin-meteo-2\/\"]}]},{\"@type\":\"BreadcrumbList\",\"@id\":\"https:\/\/forfait.megeve.com\/hiver\/bulletin-meteo-2\/#breadcrumb\",\"itemListElement\":[{\"@type\":\"ListItem\",\"position\":1,\"name\":\"Accueil\",\"item\":\"https:\/\/forfait.megeve.com\/hiver\/\"},{\"@type\":\"ListItem\",\"position\":2,\"name\":\"Bulletin m\u00e9t\u00e9o\"}]},{\"@type\":\"WebSite\",\"@id\":\"https:\/\/forfait.megeve.com\/hiver\/#website\",\"url\":\"https:\/\/forfait.megeve.com\/hiver\/\",\"name\":\"Meg\u00e8ve hiver\",\"description\":\"Vente en ligne des forfait Meg\u00e8ve\",\"publisher\":{\"@id\":\"https:\/\/forfait.megeve.com\/hiver\/#organization\"},\"potentialAction\":[{\"@type\":\"SearchAction\",\"target\":{\"@type\":\"EntryPoint\",\"urlTemplate\":\"https:\/\/forfait.megeve.com\/hiver\/?s={search_term_string}\"},\"query-input\":{\"@type\":\"PropertyValueSpecification\",\"valueRequired\":true,\"valueName\":\"search_term_string\"}}],\"inLanguage\":\"fr-FR\"},{\"@type\":\"Organization\",\"@id\":\"https:\/\/forfait.megeve.com\/hiver\/#organization\",\"name\":\"Meg\u00e8ve Domaine Skiable\",\"url\":\"https:\/\/forfait.megeve.com\/hiver\/\",\"logo\":{\"@type\":\"ImageObject\",\"inLanguage\":\"fr-FR\",\"@id\":\"https:\/\/forfait.megeve.com\/hiver\/#\/schema\/logo\/image\/\",\"url\":\"https:\/\/forfait.megeve.com\/hiver\/wp-content\/uploads\/sites\/7\/2020\/03\/home.png\",\"contentUrl\":\"https:\/\/forfait.megeve.com\/hiver\/wp-content\/uploads\/sites\/7\/2020\/03\/home.png\",\"width\":830,\"height\":545,\"caption\":\"Meg\u00e8ve Domaine Skiable\"},\"image\":{\"@id\":\"https:\/\/forfait.megeve.com\/hiver\/#\/schema\/logo\/image\/\"},\"sameAs\":[\"https:\/\/fr-fr.facebook.com\/megeve\/\",\"https:\/\/x.com\/megeve\",\"https:\/\/www.instagram.com\/megeve_officiel\/\",\"https:\/\/www.youtube.com\/c\/MegveTourisme74\",\"https:\/\/www.tiktok.com\/@megeve_officiel\"]}]}<\/script>\n<!-- \/ Yoast SEO plugin. -->","yoast_head_json":{"title":"Bulletin m\u00e9t\u00e9o &#8211; Megeve hiver","robots":{"index":"index","follow":"follow","max-snippet":"max-snippet:-1","max-image-preview":"max-image-preview:large","max-video-preview":"max-video-preview:-1"},"canonical":"https:\/\/forfait.megeve.com\/hiver\/bulletin-meteo-2\/","og_locale":"fr_FR","og_type":"article","og_title":"Bulletin m\u00e9t\u00e9o &#8211; Megeve hiver","og_description":"bulletin m\u00e9t\u00e9o Acheter un forfait","og_url":"https:\/\/forfait.megeve.com\/hiver\/bulletin-meteo-2\/","og_site_name":"Megeve hiver","article_publisher":"https:\/\/fr-fr.facebook.com\/megeve\/","article_modified_time":"2025-07-11T14:09:50+00:00","twitter_card":"summary_large_image","twitter_site":"@megeve","twitter_misc":{"Dur\u00e9e de lecture estim\u00e9e":"1 minute"},"schema":{"@context":"https:\/\/schema.org","@graph":[{"@type":"WebPage","@id":"https:\/\/forfait.megeve.com\/hiver\/bulletin-meteo-2\/","url":"https:\/\/forfait.megeve.com\/hiver\/bulletin-meteo-2\/","name":"Bulletin m\u00e9t\u00e9o &#8211; Megeve hiver","isPartOf":{"@id":"https:\/\/forfait.megeve.com\/hiver\/#website"},"datePublished":"2025-07-11T14:08:19+00:00","dateModified":"2025-07-11T14:09:50+00:00","breadcrumb":{"@id":"https:\/\/forfait.megeve.com\/hiver\/bulletin-meteo-2\/#breadcrumb"},"inLanguage":"fr-FR","potentialAction":[{"@type":"ReadAction","target":["https:\/\/forfait.megeve.com\/hiver\/bulletin-meteo-2\/"]}]},{"@type":"BreadcrumbList","@id":"https:\/\/forfait.megeve.com\/hiver\/bulletin-meteo-2\/#breadcrumb","itemListElement":[{"@type":"ListItem","position":1,"name":"Accueil","item":"https:\/\/forfait.megeve.com\/hiver\/"},{"@type":"ListItem","position":2,"name":"Bulletin m\u00e9t\u00e9o"}]},{"@type":"WebSite","@id":"https:\/\/forfait.megeve.com\/hiver\/#website","url":"https:\/\/forfait.megeve.com\/hiver\/","name":"Meg\u00e8ve hiver","description":"Vente en ligne des forfait Meg\u00e8ve","publisher":{"@id":"https:\/\/forfait.megeve.com\/hiver\/#organization"},"potentialAction":[{"@type":"SearchAction","target":{"@type":"EntryPoint","urlTemplate":"https:\/\/forfait.megeve.com\/hiver\/?s={search_term_string}"},"query-input":{"@type":"PropertyValueSpecification","valueRequired":true,"valueName":"search_term_string"}}],"inLanguage":"fr-FR"},{"@type":"Organization","@id":"https:\/\/forfait.megeve.com\/hiver\/#organization","name":"Meg\u00e8ve Domaine Skiable","url":"https:\/\/forfait.megeve.com\/hiver\/","logo":{"@type":"ImageObject","inLanguage":"fr-FR","@id":"https:\/\/forfait.megeve.com\/hiver\/#\/schema\/logo\/image\/","url":"https:\/\/forfait.megeve.com\/hiver\/wp-content\/uploads\/sites\/7\/2020\/03\/home.png","contentUrl":"https:\/\/forfait.megeve.com\/hiver\/wp-content\/uploads\/sites\/7\/2020\/03\/home.png","width":830,"height":545,"caption":"Meg\u00e8ve Domaine Skiable"},"image":{"@id":"https:\/\/forfait.megeve.com\/hiver\/#\/schema\/logo\/image\/"},"sameAs":["https:\/\/fr-fr.facebook.com\/megeve\/","https:\/\/x.com\/megeve","https:\/\/www.instagram.com\/megeve_officiel\/","https:\/\/www.youtube.com\/c\/MegveTourisme74","https:\/\/www.tiktok.com\/@megeve_officiel"]}]}},"lang":"fr","translations":{"fr":12040,"en":12046},"publishpress_future_action":{"enabled":false,"date":"2026-04-23 18:43:49","action":"change-status","newStatus":"draft","terms":[],"taxonomy":"language"},"publishpress_future_workflow_manual_trigger":{"enabledWorkflows":[]},"pll_sync_post":[],"_links":{"self":[{"href":"https:\/\/forfait.megeve.com\/hiver\/wp-json\/wp\/v2\/pages\/12040","targetHints":{"allow":["GET"]}}],"collection":[{"href":"https:\/\/forfait.megeve.com\/hiver\/wp-json\/wp\/v2\/pages"}],"about":[{"href":"https:\/\/forfait.megeve.com\/hiver\/wp-json\/wp\/v2\/types\/page"}],"author":[{"embeddable":true,"href":"https:\/\/forfait.megeve.com\/hiver\/wp-json\/wp\/v2\/users\/18"}],"replies":[{"embeddable":true,"href":"https:\/\/forfait.megeve.com\/hiver\/wp-json\/wp\/v2\/comments?post=12040"}],"version-history":[{"count":4,"href":"https:\/\/forfait.megeve.com\/hiver\/wp-json\/wp\/v2\/pages\/12040\/revisions"}],"predecessor-version":[{"id":12045,"href":"https:\/\/forfait.megeve.com\/hiver\/wp-json\/wp\/v2\/pages\/12040\/revisions\/12045"}],"wp:attachment":[{"href":"https:\/\/forfait.megeve.com\/hiver\/wp-json\/wp\/v2\/media?parent=12040"}],"curies":[{"name":"wp","href":"https:\/\/api.w.org\/{rel}","templated":true}]}}